71
What is the highest common factor of 41179973 and 57?
19
Calculate the highest common divisor of 578951 and 14335.
61
Calculate the highest common factor of 66480453 and 5772.
1443
What is the highest common factor of 26725907 and 55042?
377
What is the greatest common factor of 57779217 and 95733?
8703
What is the greatest common factor of 271572122 and 122?
122
Calculate the highest common factor of 19327264 and 2992.
176
What is the highest common divisor of 1797006 and 276?
6
What is the highest common divisor of 670 and 44830?
10
Calculate the highest common divisor of 446 and 2879822.
446
What is the greatest common divisor of 431 and 167378850?
431
Calculate the highest common divisor of 361 and 40549211.
19
Calculate the greatest common factor of 1984 and 97575104.
1984
Calculate the highest common divisor of 6 and 197781.
3
What is the highest common divisor of 1165487 and 5609?
79
What is the greatest common divisor of 27318 and 15138?
174
What is the highest common factor of 1009269 and 193167?
1143
Calculate the highest common divisor of 200 and 1356390440.
40
What is the greatest common divisor of 186901720 and 25613?
3659
What is the highest common divisor of 18 and 304462986?
6
What is the greatest common factor of 9288 and 1280024?
344
Calculate the greatest common factor of 765 and 28704585.
255
Calculate the highest common divisor of 174 and 120624.
6
What is the highest common divisor of 2328543 and 6923?
161
Calculate the highest common divisor of 13218 and 1642.
2
Calculate the greatest common factor of 278958 and 33801.
57
Calculate the highest common factor of 8605457 and 203.
7
Calculate the greatest common divisor of 351 and 342117.
27
What is the greatest common divisor of 562398 and 93197?
67
Calculate the highest common factor of 174 and 6366906.
6
What is the greatest common divisor of 784 and 2705144176?
784
What is the highest common divisor of 325 and 9657895?
65
What is the highest common factor of 1411047564 and 12?
12
What is the greatest common factor of 10165836 and 7296?
228
Calculate the greatest common factor of 1081 and 1117848.
47
What is the greatest common factor of 33108 and 12090828?
1068
What is the greatest common divisor of 3403451 and 38171?
779
What is the greatest common factor of 268606 and 26338?
26
Calculate the greatest common factor of 372783215 and 5425.
1085
What is the highest common divisor of 1308 and 20059924?
436
Calculate the greatest common divisor of 9466540 and 100.
20
What is the greatest common divisor of 503481 and 109307?
209
Calculate the greatest common factor of 179560 and 80.
40
What is the greatest common factor of 5983 and 4271669?
193
Calculate the highest common divisor of 935598 and 4218.
114
What is the greatest common factor of 631192 and 121304?
2056
What is the highest common factor of 781257 and 36?
3
What is the greatest common divisor of 1758722 and 785494?
934
Calculate the greatest common divisor of 9 and 3117978.
9
Calculate the greatest common divisor of 190882958 and 14.
14
What is the highest common factor of 20322329 and 496?
31
Calculate the highest common factor of 4 and 558086.
2
Calculate the highest common divisor of 395640538 and 992.
62
Calculate the highest common factor of 60022836 and 24.
12
What is the greatest common divisor of 415 and 6161173?
83
Calculate the highest common factor of 37645669 and 3401.
3401
What is the greatest common divisor of 108 and 90264?
12
What is the greatest common factor of 156185 and 175?
5
What is the highest common divisor of 4896335 and 1335?
445
What is the highest common divisor of 780 and 1342716?
12
Calculate the highest common divisor of 50 and 2729055650.
50
Calculate the greatest common factor of 13 and 460325372.
13
What is the greatest common divisor of 5145 and 10610705?
1715
Calculate the highest common divisor of 22475 and 479725.
775
What is the greatest common divisor of 2652 and 11462148?
204
What is the highest common divisor of 49 and 4034497?
1
Calculate the highest common divisor of 915 and 17534145.
915
What is the greatest common divisor of 135135 and 215475?
195
What is the greatest common divisor of 4172 and 250572?
28
What is the highest common factor of 2726 and 20247365?
1363
Calculate the highest common factor of 404244 and 324.
108
Calculate the highest common divisor of 210 and 498856120.
70
What is the greatest common divisor of 1103376 and 32512?
2032
Calculate the greatest common divisor of 15890 and 28130.
10
What is the greatest common factor of 1015092 and 79866?
162
Calculate the highest common factor of 11352 and 28886583.
1419
Calculate the highest common factor of 8840 and 191779380.
4420
Calculate the highest common divisor of 6741485 and 1425.
95
What is the highest common divisor of 1586 and 8815417?
13
Calculate the highest common divisor of 2820 and 143622130.
470
Calculate the highest common factor of 5503950 and 1208.
302
Calculate the greatest common divisor of 8797335 and 735.
15
What is the greatest common factor of 1286 and 432549958?
1286
What is the greatest common divisor of 1108 and 637059004?
1108
Calculate the greatest common factor of 1092 and 44685082.
26
What is the greatest common divisor of 15825863 and 25911?
2879
What is the greatest common factor of 5253500 and 122450?
3950
Calculate the highest common divisor of 930933 and 3159.
243
What is the greatest common factor of 88 and 40443436?
44
What is the greatest common divisor of 491 and 19658167?
491
What is the highest common factor of 12 and 4851702?
6
Calculate the highest common factor of 150 and 258148875.
75
What is the highest common divisor of 143 and 12926914?
143
Calculate the greatest common factor of 25363848 and 96.
24
What is the greatest common factor of 11 and 721127?
11
What is the greatest common factor of 1273625 and 77740?
115
Calculate the highest common factor of 80618148 and 468.
468
Calculate the highest common factor of 138285 and 6528369.
1317
Calculate the highest common divisor of 70283 and 249307.
67
Calculate the highest common divisor of 3707737808 and 136.
136
Calculate the highest common divisor of 715 and 2828410.
65
What is the greatest common divisor of 126 and 2197950?
6
What is the greatest common divisor of 16160 and 123574510?
1010
What is the greatest common divisor of 3 and 106512918?
3
What is the highest common divisor of 60 and 261289530?
30
Calculate the highest common factor of 2914 and 34918462.
2914
What is the greatest common divisor of 7735591 and 292?
73
Calculate the highest common factor of 118617 and 55404.
57
Calculate the greatest common factor of 1124 and 14138515.
281
What is the greatest common divisor of 30762 and 962167?
1709
What is the greatest common factor of 61168318 and 9404?
4702
What is the greatest common divisor of 315920 and 9570000?
880
What is the greatest common divisor of 6783942 and 3657?
69
Calculate the greatest common divisor of 9519636 and 84.
84
What is the greatest common factor of 18 and 14013531?
9
What is the highest common divisor of 18425 and 821?
1
What is the greatest common divisor of 30 and 56550870?
30
What is the greatest common divisor of 7884 and 491675148?
2628
Calculate the greatest common divisor of 120 and 503661160.
40
What is the greatest common factor of 485 and 4899082?
97
What is the greatest common divisor of 120833134 and 254?
254
What is the highest common factor of 621971 and 763?
7
What is the greatest common divisor of 210906 and 103194?
18
Calculate the highest common divisor of 99 and 24878817.
9
Calculate the highest common factor of 2333 and 69.
1
Calculate the highest common divisor of 2922237 and 1333.
43
What is the highest common factor of 75850 and 142475?
1025
What is the greatest common factor of 25370 and 44440629?
2537
What is the greatest common divisor of 148472588 and 44?
44
Calculate the highest common factor of 10 and 633820.
10
What is the highest common divisor of 230 and 303790?
10
What is the greatest common factor of 6988 and 32770226?
3494
Calculate the highest common factor of 91 and 420511.
91
What is the highest common factor of 369410878 and 1902?
634
What is the greatest common divisor of 1010464 and 66976?
2912
What is the highest common factor o